Suppose -3*q = -3*x - 4131, -q = 5*x + 6639 + 222. Let t = j + x. Is t a prime number?
False
Let m(z) = 9471*z**3 + z**2 - z - 1. Let q be m(1). Let b = 13261 - q. Is b prime?
False
Let r = 23440 + -4637. Is r a composite number?
False
Suppose 4*k + 8 + 0 = w, 3*w - 4*k = 0. Is w/(-20)*-4 - (-60658)/10 a prime number?
False
Let w = -1052 - -1057. Let k(y) = -25*y**3 + 4*y**2 - 4*y - 10. Let f(u) = 100*u**3 - 16*u**2 + 17*u + 39. Let o(x) = -2*f(x) - 9*k(x). Is o(w) a prime number?
False
Suppose 0 = 4*p - j - 50631, -8*j + 6*j = 5*p - 63292. Let d = -7857 - 1106. Let i = d + p. Is i prime?
False
Let g(r) be the second derivative of 1999*r**3/6 + 150*r**2 + 192*r - 2. Is g(7) composite?
False
Let d(h) = -2*h - 9. Let z be d(-7). Let i(r) = 2*r**3 - 11*r**2 + 7*r - 11. Let y be i(z). Is 2/(((-18)/27198)/(y/2)) a composite number?
False
Suppose 18*o - 76 = -o. Suppose -b - 2*v - v = -195, -2*b - o*v + 394 = 0. Is b composite?
True
Let k = -6 + -4. Let b be k*21/(-3)*1. Let h = b - 27. Is h a prime number?
True
Suppose -1 = -c + 4, -c - 115 = d. Let m(l) = -l**3 - 2*l**2 + 9*l - 9. Let w be m(-8). Let f = d + w. Is f composite?
True
Let h(a) = -44181*a - 25. Is h(-4) prime?
True
Let j = 97 + -62. Suppose -j*i = -32*i - 1158. Let u = -133 + i. Is u a prime number?
False
Suppose -z - 8 = -36. Suppose -z*d + 21*d = -2891. Is d prime?
False
Suppose h + w = 3*w - 27, 2*h = -w - 79. Let t = h + 55. Is (8/12)/(4/t) + 656 a prime number?
True
Let k(i) = -i**2 + 22*i + 106. Let c be k(26). Suppose -c*l - 5*u + 22097 = l, -3*l - 4*u = -22099. Is l prime?
True
Suppose 967 = -15*q + 54652. Let v = -1802 + q. Is v a composite number?
False
Suppose 0 = 2*c - 6*c + 755221 - 314057. Is c composite?
False
Suppose -4*f + 2 + 6 = 0. Suppose -u + 5 = 0, 4*l + 0*u - 18 = -f*u. Suppose -5*s - 2*d + 3680 = -1895, 2*s + l*d - 2224 = 0. Is s a prime number?
True
Is 81882 + (-5 - (-2 + -4))/1 a prime number?
True
Let v(p) = -1. Let d(x) = -2429*x + 163. Let o(m) = -d(m) - 3*v(m). Is o(7) a prime number?
True
Let p = 20 + -17. Suppose -32 = -2*c + g, 29 + 19 = p*c - 3*g. Suppose -c*x + 6*x = -12990. Is x a composite number?
True
Let d be 112/(-12)*36/(-48). Is 82/287 - (-114161)/d a prime number?
False
Suppose -p - 3*p = 2*i + 11344, 11344 = -4*p + 5*i. Let r = 5978 + p. Suppose 4*m - r = 3*o, -5*m + 10*m = 2*o + 3931. Is m composite?
False
Let i(f) = 8315*f - 3346. Is i(27) prime?
True
Is (759680 - (22 - 6)) + 7 composite?
True
Is 84/1974 + 5374258/94 prime?
True
Let b be (1 + 1)/(0 + 2/2). Suppose 3*o + 0*l - 5*l + 97 = 0, 3*l = -b*o - 33. Let c(m) = m**2 - 2*m + 38. Is c(o) a composite number?
True
Let r be -33 + 49 - 1*3. Suppose 11*z + 1214 = r*z. Let a = -293 + z. Is a prime?
False
Suppose 5*r = 4*f - 9805, -3*f + 2461 = -2*f + 2*r. Suppose 0 = -3*k + 2*z - 6*z + f, 2*z + 4 = 0. Is k prime?
True
Let b(y) = -39655*y - 229. Is b(-6) a prime number?
True
Suppose 0 = -10*f + 12 + 8. Suppose y + f = 6. Suppose -y*l = -2348 - 808. Is l a composite number?
True
Suppose -1705157 = -117*v - 444950. Is v a prime number?
True
Let l(q) = 31*q + 13. Let f be l(14). Suppose 5*g - f = 1143. Let k = g + -107. Is k prime?
True
Let q(x) = -x + 11. Let b be q(13). Is 289155/(-15)*(b - 0 - -1) a prime number?
False
Suppose 4*s + h - 461894 = 0, 3*s + 19*h - 16*h = 346425. Suppose -5*i - 9*k + 5*k = -s, 3*k = 6. Is i prime?
False
Let n(w) = 4*w**2 - 10*w - 15. Suppose -8*j - 26 = 30. Is n(j) prime?
True
Let m(d) = d**2 - 3*d - 18. Let a be m(-3). Is -431*((-15)/5 + 2 - a) a composite number?
False
Suppose -198*k = -186*k - 936516. Is k a composite number?
True
Suppose 5689962 = 13*r - 33445225. Is r a composite number?
True
Suppose v - 9 = -17. Let x be (-6)/(2/(-4) - (-12)/v). Is ((-2)/x)/((-10)/1905) a prime number?
True
Suppose -21*x = -10121 - 16654. Suppose m + m - 3632 = 0. Let k = m - x. Is k a composite number?
False
Suppose 159000 = 4*z - 3*d, -6*z - 3*d = -4*z - 79518. Suppose -5*u = -4*a - 39729, 0 = 5*u - 2*a + 4*a - z. Is u composite?
False
Suppose -4*f = 3*f + 7. Let w be (f - 828) + (2 - 6). Let o = -132 - w. Is o a composite number?
False
Suppose -23*c + 132 + 190 = 0. Let o = 747 + c. Is o composite?
False
Suppose 8*o - 20 = 3*o. Let h be 2/9 + ((-688)/(-36))/o. Suppose 2*l + h = 11, 0 = 2*v + l - 449. Is v prime?
True
Suppose 44*h + 3161547 = 13568288 + 2252895. Is h a prime number?
False
Suppose 10269 - 3789 = 8*i. Suppose 0 = -3*j + 580 + 659. Let b = i - j. Is b a composite number?
False
Let l(a) = 8036*a + 46. Let s(o) = -1607*o - 9. Let f(g) = 2*l(g) + 11*s(g). Suppose -28*d - 11*d - 78 = 0. Is f(d) prime?
True
Let j(z) = 4710*z**2 + 495*z - 3536. Is j(7) a prime number?
True
Let d(h) = -11*h**3 + 92*h**2 + 6*h + 11. Is d(-6) a composite number?
True
Let l = 10981 - -14172. Is l a composite number?
False
Let v(j) = 11*j**2 + 24*j + 161. Let s(p) = 16*p + 10. Let l be s(-1). Is v(l) prime?
False
Let t(f) = 917*f**2 - 68*f - 1862. Is t(-25) a composite number?
False
Suppose 5*x + n = 20, 4*x - 4*n - 40 = -0*n. Suppose 4*z = -x*y + z + 15737, -4*z = -y + 3129. Suppose -14*j + 9*j = -y. Is j a composite number?
True
Let c = -49537 - -69926. Is c prime?
True
Let i(l) = 4509*l**2 + 17*l - 89. Is i(3) composite?
False
Let d(l) = 2*l**2 - 2*l - 1. Let m be d(2). Let t(r) be the second derivative of 21*r**5/20 - r**4/12 + r**3/2 - r**2 + 291*r. Is t(m) a composite number?
True
Suppose -10*b + 2720819 = 142*b - 28351477. Is b prime?
False
Is -1*((-56)/84)/((-4)/(-75606)) composite?
False
Is (41633724/330)/(2/5) composite?
False
Suppose 0 = u + 8*u - 9. Suppose 0 = y - 5*n - 23, -3*y + n + u = -y. Is 18/(-27) + y/6*-11363 a prime number?
False
Suppose -5*m - 2*d = -3334, -2*m = 2*d + 3*d - 1342. Suppose m = 29*v - 20*v. Is v composite?
True
Let m = -13 + -8. Let a = m + 24. Suppose a*h - 790 = -31. Is h a prime number?
False
Let r(q) = -q**2 + 14*q - 40. Let d be r(10). Suppose 0 = -8*v + 10*v - y - 1041, d = 4*v + 3*y - 2067. Is v a prime number?
False
Let b be 5 - 657 - (0 + -3 - -8). Let t = b - -1415. Is t prime?
False
Suppose -2*g = 2*g - 5*p + 11, 9 = 3*p. Let k be (-1 - g)/(18/4 - 5). Suppose -4*m - 4*o + 2792 = -1384, -k*m - 5*o + 4171 = 0. Is m a prime number?
True
Let c(l) = 5621*l**2 + 265*l - 1637. Is c(6) prime?
True
Suppose 41670 = -3705*b + 3723*b. Is b a prime number?
False
Let h(g) = 9*g**3 - 3*g**2 + 26*g - 15. Suppose 41 = 2*i - 5*b, -10*i + 5*i + 3*b = -55. Is h(i) a prime number?
False
Let a be (-17537)/(-6) + (-30)/36. Let w = a + -1567. Is w composite?
True
Let f = 1340036 - 731082. Is f composite?
True
Let c = -16495 - -39464. Is c a composite number?
True
Let r = -19016 + 28040. Let k = -6085 + r. Is k prime?
True
Suppose 0 = 4*j - 20, 4*j + 76684 = -4*v + 435172. Is v prime?
False
Suppose 5*y - 4 = o, -3*o = o - y - 60. Suppose -5*a + v = -6060, -5*v = -o - 9. Is a prime?
True
Suppose 13*m + 15*m = -17*m + 3749805. Is m a prime number?
False
Suppose -4*f = 3*d - 1770, 3*d = -2*d - 5*f + 2955. Suppose -2*c = l - 4*l - d, l = 3*c - 884. Let m = c + -115. Is m a prime number?
True
Let k = 4189 - 1934. Suppose 5*g - k = 5560. Is g composite?
True
Let g be 2 - 1*(-4 + -3). Suppose -g*z + 13170 = -3*z. Is z prime?
False
Let o be (-4)/(-5) - 1 - (-451)/5. Let c = o + -88. Is (((-15610)/21)/5)/(c/(-15)) prime?
False
Let h(g) = -2316*g - 4591. Is h(-20) a composite number?
False
Let p = 34 - 26. Suppose -77 = -p*f - 21. Suppose -5902 + 35883 = f*o. Is o composite?
False
Let j(r) = 4*r + 91. Let x(k) = k - 1. Let i(q) = j(q) - 6*x(q). Is i(-21) a composite number?
False
Let i be (20/25)/((-4)/90). Let t be (-75)/i - 1/6. Is -2 - 1086/(2 - t) a composite number?
False
Let y(f) be the first derivative of 4*f**3/3 - 4*f**2 + 2*f + 14. Let p be y(2). Suppose 0 = b + 5, -3*k + 1494 = -p*b - b. Is k prime?
False
Suppose 4*u - 138 = -2*t, 40 = 2*u + 4*t - 44. Is (-46946)/(-14) - u/112 a prime number?
False
Let k(i) be the third derivative of 0*i + 1/6*i**4 + 6*i**2 - 2/15*i**6 + 4/3*i**3 - 1/60*i**5 + 0. Is k(-3) a composite number?
False
Let z(u) = -11*u - 570. Let r be z(-52). Let t(p) = 155*p**2 - p - 4. Let m be t(-5). Suppose -f - a = 2*a - 1933, -m = -r*f - a. Is f a prime number?
False
Let k = -88252 + 303903. Is k a composite number?
True
Let z be (-7)/(2/